 = 9*q - 1. Let b(r) = c(r) + 2*w(r). Give b(-1).
-14
Suppose -y = 23*j - 24*j + 1, -5*y + 1 = -2*j. Let f(z) = 5*z**3 - 3*z**2 + z - 1. Determine f(j).
29
Let b(f) = -3*f + 5 + 2*f - 100*f**2 - 3 + 47*f**2 + 62*f**2. Give b(3).
80
Suppose 4*i - 5*z - 4 = 15, -4*z + 10 = i. Let f(a) = -5*a + 0*a + 2*a + 6. What is f(i)?
-12
Let s(j) be the third derivative of -7*j**4/24 - j**3/6 + 48*j**2. Let b(i) = -2*i - 1. Let y(r) = -3*b(r) + s(r). Calculate y(-2).
4
Let w be 0 + (-1)/1 + 3. Let a(v) = 56 - 228 + 60 + 8*v + 61 + 51. Calculate a(w).
16
Let x be (-2)/(-14) - (-19 - 1216/112). Let f(o) = 5*o - 154. Determine f(x).
-4
Let b(y) be the first derivative of -15/2*y**2 - 23 + 1/6*y**3 + y. Let j(z) be the first derivative of b(z). What is j(7)?
-8
Let g(v) = -2*v + 6. Let u be g(9). Let j(a) be the third derivative of a**5/60 + a**4/2 + 3*a**3/2 - 8*a**2. Give j(u).
9
Let v(n) = 7*n**3 - 28*n**2 + 128*n + 79. Let o(y) = 2*y**3 - 9*y**2 + 39*y + 26. Let j(f) = 10*o(f) - 3*v(f). Determine j(-5).
-32
Let z(f) = 8*f**2 - 17*f - 5. Suppose 3*u + 2*a + 73 = 84, u - 3*a - 22 = 0. Let v(n) = -7*n**2 + 15*n + 4. Let c(h) = u*v(h) + 6*z(h). Give c(2).
0
Let q(s) = -6*s - 5. Let n(h) = 5*h + 4. Let o(d) = 5*n(d) + 4*q(d). Let a = 518 + -503. Suppose -u - a = -2*p - 2*p, p - 20 = -3*u. Calculate o(p).
5
Suppose 6*g = 7*g - 35. Let q(w) = -w**2 + 21*w - 29. Let v be q(18). Let f(c) = -5 + 65*c - 5*c**2 - g*c - c**3 - v*c + 0*c**2. Calculate f(-6).
1
Let m(i) = -i**2 - 18*i - 61. Let o be m(-13). Suppose -10*l + 7*l - 4 = 5*s, -o*s + 10 = -2*l. Let a(w) = -w**3 - 3*w**2 - 3*w - 4. Calculate a(l).
5
Let b(i) = i**2 + 13*i - 25. Suppose -2*s - 5*g = 57, -s - g - 2600 + 2579 = 0. Calculate b(s).
23
Let d(l) = -70*l - 208. Let b be d(-5). Suppose 3*q = b - 124. Let y(n) = -n**2 + 4*n + 8. Determine y(q).
-4
Let y = 13811 + -13809. Let p(o) = -4*o**2 - 7*o - 1. What is p(y)?
-31
Let p(n) = 3*n - 4. Suppose 10*b - 169 = 241. Suppose -2*m + 3*x = b, -19 = m - 0*m - x. Let v be (-5)/(-2) - 24/m. Determine p(v).
8
Let c(b) be the third derivative of -b**4/24 - 5*b**3/2 - 550*b**2 + 2. Give c(-13).
-2
Let s(l) = -2*l - 9. Let w(f) = f + 10. Let m be w(-13). Let o be (-1 - m)/(2/12). Suppose -4*y = 12 + o. Give s(y).
3
Suppose -44*m = 75*m - 3677 - 607. Let v(s) = -s**2 + 37*s - 36. Determine v(m).
0
Let k(p) = 5*p**2 + 11*p - 5. Let y be 3/9*9*2/(-6). Let d(c) = 3*c + 2 - c**2 + 5 - 6 - 4*c. Let s(z) = y*k(z) - 4*d(z). What is s(-6)?
7
Let x be (10/(-5) + 8)*2. Suppose -17*y + 73 + x = 0. Let t(l) be the second derivative of -l**4/6 + l**3 + 5*l**2/2 + l. What is t(y)?
-15
Let x(u) = -701 - 700 + 2800 - 694 + 5*u - 700. What is x(-4)?
-15
Let y(d) be the first derivative of -d**4/4 + 14*d**3/3 - 6*d**2 - 92. Suppose 6*h = 11*h - 65. What is y(h)?
13
Let h(o) be the third derivative of o**4/8 - 5*o**3/3 - 568*o**2. What is h(6)?
8
Let u(m) = 14*m + 1. Suppose -c + a - 47 = 0, 0 = -3*c + 4*c + 4*a + 42. Let r = -44 - c. Let f be (60/(-8))/(-5) + r/(-4). Give u(f).
15
Let j(l) be the third derivative of 0*l**3 - 5/24*l**4 - 139*l**2 + 0 + 0*l. Determine j(1).
-5
Suppose -2*x = -8*x - 2*x. Let t(r) be the second derivative of -1/6*r**3 - 1/12*r**4 + 1/2*r**2 - 14*r + 0. Determine t(x).
1
Let t be (31/14 - (-3)/(-6))/(42/(-147)). Let o(p) = -p**2 - 12*p - 6. Give o(t).
30
Let x(p) = p**3 + 56*p**2 + 15 - 119*p**2 + 12*p + 74*p**2. Give x(-10).
-5
Let y(l) be the second derivative of -l**3/2 + 30*l - 77. Let v(w) = -w**2 + w + 4. Let m be v(-3). Give y(m).
24
Let x(w) be the third derivative of w**5/60 - w**4/3 + w**3 + 18*w**2 + 23*w. Calculate x(4).
-10
Let z(m) = -4*m**3 - 19*m**2 + 41*m + 13. Let y(d) = -9*d**3 - 50*d**2 + 83*d + 24. Let v(x) = -3*y(x) + 7*z(x). Calculate v(19).
19
Let x(n) = 2*n**2 - 4*n**2 - 3 + 6*n - 3. Let p(b) = 4*b**3 + 60*b**2 - 61*b + 52. Let d be p(-16). Calculate x(d).
-14
Let i(q) = q**3 + 5*q. Let z(k) = 5*k**3 - 5*k**2 + 29*k - 6. Let s(u) = -6*i(u) + z(u). Calculate s(-6).
36
Let r(a) be the second derivative of -a**3/3 + 2*a**2 + 3*a. Suppose 2*o + 2 = 0, -o - 10 = -l - 2*o. Suppose -l*i + 47 + 8 = 0. Calculate r(i).
-6
Let w(g) be the first derivative of -g - 4/3*g**3 - 60 + g**2. Calculate w(1).
-3
Let j(u) = 3*u + 0 + 7 + 2 - u**2. Let d(k) = -k**3 - 99*k**2 + 856*k + 6. Let o be d(-107). Determine j(o).
-9
Let g(l) be the third derivative of 101*l**2 - 1/8*l**4 + 0*l - 1/6*l**3 + 0. Determine g(-3).
8
Let u(b) be the first derivative of -7*b**2/2 + 13*b + 5154. Determine u(7).
-36
Let k be (-49)/(-5) - -2*7/70. Suppose 0 = r - 2*q + 11, k = 3*q - 2. Let c(u) = u**2 - 2*u - 3. Calculate c(r).
12
Let i(a) = 6*a - 249 + 488 - 243. Let q = -39 + 45. Determine i(q).
32
Let u(s) = -s**2 - 16*s - 23. Let h be u(-14). Suppose 0 = 2*l + 2*x - 28, 0 = -5*l + h*x + 32 - 2. Let c(g) = -g**3 + 10*g**2 - 3. Determine c(l).
-3
Suppose -h + 660 = 9*h + 260. Let q(u) = u**3 - 39*u**2 - 42*u + 76. Determine q(h).
-4
Suppose 3*u + 2051 - 2063 = 0. Suppose -7*x - 32 = -u. Let t(v) be the first derivative of v**3/3 + 5*v**2/2 - 1. Determine t(x).
-4
Let q(y) = -140*y**3 + 9*y**2 - 23*y + 6. Let l(s) = -282*s**3 + 20*s**2 - 52*s + 14. Let t(a) = -4*l(a) + 9*q(a). Give t(1).
-132
Let y(b) be the third derivative of -1/20*b**5 + 2*b**2 - 6 + 1/12*b**4 + 0*b + 1/3*b**3. Determine y(2).
-6
Suppose -5*f - r = -147 + 69, -f + r = -24. Let k(d) = -d**3 + 19*d**2 - 32*d - 42. Determine k(f).
-8
Let w(p) = 2883*p**2 - 1441*p**2 - p - 1407*p**2 + 1. Calculate w(-1).
37
Let i(u) = u**3 + 2*u**2 - 2*u + 3. Let w = -209 + 213. Suppose w*z - 4*y - 8 = 0, 4*z - 3*y + 5*y = -22. Determine i(z).
0
Let i(k) = k**3 - 4*k**2 - 7*k + 1. Let j be i(5). Let w(y) = 17*y**2 - 77*y + 50. Let q(f) = 10*f**2 - 44*f + 30. Let u(d) = 12*q(d) - 7*w(d). Determine u(j).
-8
Let l(u) be the first derivative of -51*u**2/2 - 1223*u + 10843. Calculate l(-24).
1
Let b(i) = -i + 4. Let d = 5931 + -5925. Determine b(d).
-2
Let c(k) = -15*k**2 - 6*k + 6. Let f(j) = 152*j - 3951. Let q be f(26). Give c(q).
-15
Let k(z) = z + 10. Suppose 4*u + 19 = -h - 4*h, -3*u - 4*h = 15. Let o be u/(5/51) + (-32)/40. Determine k(o).
-1
Let p(n) = 14*n - 29. Let r(b) = -13*b + 25. Let f(s) = 3*p(s) + 4*r(s). Give f(10).
-87
Suppose 17 = -3*m + 5*q, 2*m - 2*q + 10 = q. Let g be 12*4/32*(-16)/(-6). Let o(h) = 9*h**2 - 2*h**2 + g*h**2. Calculate o(m).
11
Let j = 61 - 57. Suppose 0*t + t + 1 = -c, -j*c - 2 = 2*t. Let g(p) = 4*p - 7*p + c*p**2 - p**2. What is g(-4)?
-4
Let f = -70 - -70. Suppose -5*w + 5*o - 16 = 24, -5*w - 4*o - 31 = f. Let x(p) = -6*p + 1. Let i(c) = 13*c - 2. Let k(l) = w*x(l) - 3*i(l). Give k(-6).
-19
Let n(q) = -q**3 - 10*q**2 - 6*q + 12. Let p be 2 - (-24)/18*(-126 - 0). Let m = 157 + p. Determine n(m).
-15
Let s(m) be the first derivative of m**3/3 + 3*m**2/2 - 3*m - 9490. Let q be (-3)/3 - (3 + 0). What is s(q)?
1
Let n(y) = 4220*y - 6*y**3 - 20*y**2 + 5*y**3 - 4198*y + 28. Calculate n(-21).
7
Let q(n) = n**2 - 18*n - 6. Let f be q(20). Suppose f*m - 37*m + 6 = 0. Let t(x) = x**3 + 2 - 1 - 8*x**m - 9 - 2*x**3. Calculate t(-8).
-8
Let i(w) = 2*w**2 - 6*w**2 + 0*w**2 - 9*w - 5*w**2 + 10*w**2. Give i(10).
10
Let p(c) = 300*c - 2 - c**3 + 13 - 4*c**2 - 287*c - 4. Give p(-6).
1
Let g(q) = -4*q + 2*q**2 - 5*q**2 - 3*q + 5*q - 1. Suppose -5*j - 8 = -23. Suppose -4*p + 9*z - 4*z - 29 = 0, -j*p + z - 8 = 0. Determine g(p).
-2
Let l(k) = k**2 - 23*k - k**2 + 4 + k**2 + 16*k + 18*k. Give l(-9).
-14
Let c(b) = 1 + 5*b - 25 + 175. Calculate c(-35).
-24
Let c(n) be the first derivative of n**2 - 30*n - 11. Let v be c(13). Let r(t) be the third derivative of -t**4/24 - t**2. Give r(v).
4
Let t(h) = 4*h + 3. Let f(d) = 68*d + 1022. Let i be f(-15). Calculate t(i).
11
Let f(p) be the third derivative of 5*p**4/12 - p**3/2 + 2*p**2 + 11*p. What is f(0)?
-3
Suppose 13*c + 1564 = -6*c + 1431. Let d(v) = 4*v**2 + 5*v - 3. Give d(c).
158
Let h(r) be the first derivative of r**4/4 - r**3/3 - r**2/2 + r - 14. Let g be h(2). Let n(d) = -2*d - d**g + 0 - 2*d**2 - 5 + d**2 - 4*d**2. Calculate n(-4).
-13
Let p(j) = j**2 + j + 7. Let b(c) = 3*c**2 + 3*c + 19. Let k be 128/(-22) - -6*(-4)/132. Let y(z) = k*b(z) + 17*p(z). Determine y(0).
5
Let j = -44 - -56. Let u(t) = -j + 21 + 0*t**2 - 2 + 6*t**2 + t + t**3. What is u(